{"id":29,"date":"2011-12-05T08:59:47","date_gmt":"2011-12-05T08:59:47","guid":{"rendered":"http:\/\/www.dravska-liga.hr\/?page_id=29"},"modified":"2011-12-09T10:48:51","modified_gmt":"2011-12-09T10:48:51","slug":"o-projektu","status":"publish","type":"page","link":"https:\/\/www.dravska-liga.hr\/index.php\/drava-natura-2000\/o-projektu\/","title":{"rendered":"O projektu"},"content":{"rendered":"<p style=\"text-align: justify;\">Projekt \u201eDrava-Natura 2000\u201c odobren je Savezu udruga Dravska liga na natje\u010daju Ministarstva kulture iz podru\u010dja za\u0161tite prirode namijenjen nevladinim udrugama. Ciljevi projekta su da se informira javnost o Natura 2000 podru\u010djima putem primjera dobre prakse iz EU i provede edukacija djece i mlade\u017ei o posebnostima rijeke i prostora uz Dravu.<\/p>\n<p><img loading=\"lazy\" decoding=\"async\" class=\"alignnone size-full wp-image-64 aligncenter\" title=\"sprud\" src=\"http:\/\/www.dravska-liga.hr\/wp-content\/uploads\/2011\/12\/sprud.jpg\" alt=\"\" width=\"521\" height=\"353\" srcset=\"https:\/\/www.dravska-liga.hr\/wp-content\/uploads\/2011\/12\/sprud.jpg 521w, https:\/\/www.dravska-liga.hr\/wp-content\/uploads\/2011\/12\/sprud-300x203.jpg 300w\" sizes=\"auto, (max-width: 521px) 100vw, 521px\" \/><\/p>\n<p style=\"text-align: justify;\">Dugoro\u010dniji ciljevi su da se potakne razvoj primjerenih sportsko-rekreativnih sadr\u017eaja, razvoj odr\u017eivog turizma i pove\u017ee prirodnu ba\u0161tinu s kulturnom ponudom naselja uz rijeku. Voditeljica projekta je mr.sc. Jasna Razlog-Grlica. U provedbi projekta sudjeluju Dora Radosavljevi\u0107 dipl.ing (Udruga Franjo Ko\u0161\u010dec iz Vara\u017edina), Ana Bajsi\u0107 dipl.ing.(ZEO Nobilis iz \u010cakovca), Ivan Grlica (Prirodoslovno dru\u0161tvo &#8221; Drava&#8221; iz Virovitice), Alenka Car dipl.ing (Javna ustanova za upravljanje za\u0161ti\u0107enim prirodnim vrijednostima na podru\u010dju Vara\u017edinske \u017eupanije) i Sini\u0161a Golub, dipl.u\u010d. (Javna ustanova za upravljanje za\u0161ti\u0107enim prirodnim vrijednostima Me\u0111imurske \u017eupanije).<\/p>\n<p style=\"text-align: justify;\">Vlada Republike Hrvatske je u velja\u010di 2011 god.donijela je Uredbu o progla\u0161enju Regionalnog parka Mura-Drava. Time je i osnovan prvi regionalni park u Hrvatskoj.<\/p>\n<p style=\"text-align: justify;\">Ukupna povr\u0161ina parka je 87.680,52 ha , a prote\u017ee se kroz pet hrvatskih \u017eupanija (Me\u0111imursku, Vara\u017edinsku, Koprivni\u010dko-Kri\u017eeva\u010dku, Viroviti\u010dko-podravsku i Osije\u010dko-baranjsku \u017eupaniju) Za\u0161tita prostora u kategoriji regionalnog parka ne\u0107e ugrouziti gospodarske djelatnosti na prostoru uz rijeke ve\u0107 \u0107e doprinjeti da se obavljanje poljoprivrednih i drugih gospodarskih djelatnosti obavlja na na\u010din koji ne\u0107e ugroziti vrijednosti zbog kojih je podru\u010dje za\u0161ti\u0107eno ,te \u0107e omogu\u0107iti odr\u017eivi razvoj podru\u010dja.<\/p>\n<p style=\"text-align: justify;\">Prema informacijama na web stranicama Ministarstva kulture &#8220;Ekolo\u0161ka mre\u017ea je sustav me\u0111usobno povezanih ili prostorno bliskih ekolo\u0161ki zna\u010dajnih podru\u010dja, koja uravnote\u017eenom biogeografskom raspore\u0111eno\u0161\u0107u zna\u010dajno pridonose o\u010duvanju prirodne ravnote\u017ee i biolo\u0161ke raznolikosti. Njezini dijelovi povezuju se prirodnim ili umjetnim ekolo\u0161kim koridorima. Ekolo\u0161ku mre\u017eu na prijedlog Ministarstva progla\u0161ava Vlada.<\/p>\n<p style=\"text-align: justify;\">Ekolo\u0161ki zna\u010dajna podru\u010dja su:<\/p>\n<ul style=\"text-align: justify;\">\n<li>podru\u010dja koja su biolo\u0161ki iznimno raznovrsna ili dobro o\u010duvana, a koja su me\u0111unarodno zna\u010dajna po mjerilima me\u0111unarodnih ugovora kojih je Republika Hrvatska potpisnik,<\/li>\n<li>podru\u010dja koja bitno doprinose o\u010duvanju biolo\u0161ke i krajobrazne raznolikosti u Republici Hrvatskoj,<\/li>\n<li>podru\u010dja stani\u0161nih tipova koji su ugro\u017eeni na svjetskoj, europskoj ili dr\u017eavnoj razini,<\/li>\n<li>stani\u0161ta vrsta koje su ugro\u017eene na svjetskoj, europskoj ili dr\u017eavnoj razini;<\/li>\n<li>stani\u0161ta endemi\u010dnih svojti za Republiku Hrvatsku,<\/li>\n<li>podru\u010dja koja bitno pridonose genskoj povezanosti populacija biolo\u0161kih vrsta (ekolo\u0161ki koridori),<\/li>\n<li>selidbeni putovi \u017eivotinja,<\/li>\n<li>o\u010duvane \u0161umske cjeline.<\/li>\n<\/ul>\n<p style=\"text-align: justify;\">Nisu dopu\u0161tene radnje koje mogu dovesti do uni\u0161tenja ili neke druge znatne ili trajne \u0161tete na ekolo\u0161ki zna\u010dajnom podru\u010dju.<\/p>\n<p style=\"text-align: justify;\">Me\u0111unarodno ekolo\u0161ki zna\u010dajno podru\u010dje je ono podru\u010dje koje na temelju me\u0111unarodnih standarda utvrdi Vlada uredbom te osigura za\u0161titu odre\u0111enim re\u017eimom za\u0161tite, sukladno odredbama Zakona. Dr\u017eavni zavod za za\u0161titu prirode vodi katastar ekolo\u0161kih sustava te prati stanje i ugro\u017eenost stani\u0161ta. &#8221; Izme\u0111u ostalog isti\u010de se da su takva podru\u010dja i &#8220;vla\u017ena stani\u0161ta, uklju\u010duju\u0107i vode&#8221; koja predstavljaju prirodne vrijednosti u smislu ovoga Zakona, te ih treba o\u010duvati u prirodnom ili doprirodnom stanju. U vla\u017enim stani\u0161tima nije dopu\u0161teno pregra\u0111ivanje vodotokova, isu\u0161ivanje, zatrpavanje ili mijenjanje izvora i ponora, bara i dr. ako se time ugro\u017eava opstanak prirodnih vrijednosti i o\u010duvanje biolo\u0161ke raznolikosti.<\/p>\n<p style=\"text-align: justify;\">Dio podru\u010dja rijeke Drave postat \u0107e dio EU Natura 2000. \u010clanak 6. Direktiva o stani\u0161tima obvezuje zemlje \u010dlanice da na svojim podru\u010djima uspostave mjere za\u0161tite. To se najbolje mo\u017ee posti\u0107i izradom planova upravljanja za svako podru\u010dje zasebno ili u okviru drugih razvojnih planova. Svaka zemlja \u010dlanica slobodna je sama izabrati metode i tip mjera koje \u0107e poduzeti. No, kako god one bile odre\u0111ene, zakonski, administrativno ili ugovorno, one moraju sprije\u010diti bilo kakvo o\u0161te\u0107ivanje podru\u010dja te ga, ukoliko se to poka\u017ee nu\u017enim i obnoviti.<\/p>\n<p><img loading=\"lazy\" decoding=\"async\" class=\"alignnone size-full wp-image-65 aligncenter\" title=\"bregunice\" src=\"http:\/\/www.dravska-liga.hr\/wp-content\/uploads\/2011\/12\/bregunice.jpg\" alt=\"\" width=\"521\" height=\"388\" srcset=\"https:\/\/www.dravska-liga.hr\/wp-content\/uploads\/2011\/12\/bregunice.jpg 521w, https:\/\/www.dravska-liga.hr\/wp-content\/uploads\/2011\/12\/bregunice-300x223.jpg 300w\" sizes=\"auto, (max-width: 521px) 100vw, 521px\" \/><\/p>\n<p style=\"text-align: justify;\">NATURA 2000 je najve\u0107a koordinirana mre\u017ea podru\u010dja o\u010duvanja prirode u svijetu. Kada Hrvatska postane \u010dlanicom Europske unije svoju \u0107e bogatu biolo\u0161ku i krajobraznu raznolikost uklju\u010diti u tu nevjerojatnu mre\u017eu i postati klju\u010dna kockica u europskoj slagalici. Europska unija (EU) obvezala se \u0161tititi biolo\u0161ku raznolikost i zaustaviti njezin gubitak u Europi do 2020. godine. Dva sna\u017ena europska propisa \u010dine temelj politike EU kao odgovor na tu obvezu \u2013 Direktiva o pticama i Direktiva o stani\u0161tima. Te direktive zajedno predstavljaju najambiciozniju inicijativu ikada pokrenutu u cilju o\u010duvanja vrijednih stani\u0161ta i vrsta diljem svih zemalja \u010dlanica EU-a (trenuta\u010dno 27 dr\u017eava).<\/p>\n<p style=\"text-align: justify;\">U zadnjih 25 godina u Europi je uspostavljeno oko 26 000 NATURA 2000 podru\u010dja koja prekrivaju vi\u0161e od 850 000 km 2 povr\u0161ine EU. To je najve\u0107a mre\u017ea podru\u010dja o\u010duvanja u svijetu. Zahvaljuju\u0107i dvjema direktivama, dr\u017eave su u mogu\u0107nosti koordinirati svoje aktivnosti o\u010duvanja prirode bez obzira na politi\u010dke ili administrativne granice. Cijeli je proces znanstveno utemeljen, zakonski provediv i zasnovan na pristupu upravljanju koji uzima u obzir interese i brige ljudi. Svaka \u010detiri mjeseca Komisija objavljuje tzv. barometar Nature 2000 koji daje pregled broja i veli\u010dine podru\u010dja unutar mre\u017ee, po zemljama.<\/p>\n<p style=\"text-align: justify;\">Ministarstvo kulture je nositelj petogodi\u0161njeg Projekta integracije u EU Natura 2000 (EU Natura 2000 Integration Project &#8211; NIP). koji je zapo\u010deo 2011. godine.<\/p>\n<p style=\"text-align: justify;\">Ostale klju\u010dne institucije s ulogama u provedbi uklju\u010duju Dr\u017eavni zavod za za\u0161titu prirode (odgovoran ujedno i za izradu prijedloga ekolo\u0161ke mre\u017ee Natura 2000), kao i 19 za\u0161ti\u0107enih podru\u010dja (nacionalnih parkova i parkova prirode) i 20 \u017eupanijskih javnih ustanova za za\u0161titu prirode u Hrvatskoj. Unutar Ministarstva kulture u Upravi za za\u0161titu prirode osnovana je Jedinica za provedbu projekta koja koordinira sve aktivnosti NIP-a.<\/p>\n","protected":false},"excerpt":{"rendered":"<p>Projekt \u201eDrava-Natura 2000\u201c odobren je Savezu udruga Dravska liga na natje\u010daju Ministarstva kulture iz podru\u010dja za\u0161tite prirode namijenjen nevladinim udrugama. Ciljevi projekta su da se informira javnost o Natura 2000 podru\u010djima putem primjera dobre prakse iz EU i provede edukacija &hellip; <a href=\"https:\/\/www.dravska-liga.hr\/index.php\/drava-natura-2000\/o-projektu\/\">Nastavi \u010ditati <span class=\"meta-nav\">&rarr;<\/span><\/a><\/p>\n","protected":false},"author":2,"featured_media":0,"parent":28,"menu_order":0,"comment_status":"closed","ping_status":"closed","template":"","meta":{"footnotes":""},"class_list":["post-29","page","type-page","status-publish","hentry"],"_links":{"self":[{"href":"https:\/\/www.dravska-liga.hr\/index.php\/wp-json\/wp\/v2\/pages\/29","targetHints":{"allow":["GET"]}}],"collection":[{"href":"https:\/\/www.dravska-liga.hr\/index.php\/wp-json\/wp\/v2\/pages"}],"about":[{"href":"https:\/\/www.dravska-liga.hr\/index.php\/wp-json\/wp\/v2\/types\/page"}],"author":[{"embeddable":true,"href":"https:\/\/www.dravska-liga.hr\/index.php\/wp-json\/wp\/v2\/users\/2"}],"replies":[{"embeddable":true,"href":"https:\/\/www.dravska-liga.hr\/index.php\/wp-json\/wp\/v2\/comments?post=29"}],"version-history":[{"count":0,"href":"https:\/\/www.dravska-liga.hr\/index.php\/wp-json\/wp\/v2\/pages\/29\/revisions"}],"up":[{"embeddable":true,"href":"https:\/\/www.dravska-liga.hr\/index.php\/wp-json\/wp\/v2\/pages\/28"}],"wp:attachment":[{"href":"https:\/\/www.dravska-liga.hr\/index.php\/wp-json\/wp\/v2\/media?parent=29"}],"curies":[{"name":"wp","href":"https:\/\/api.w.org\/{rel}","templated":true}]}}